82*y + 6419 = t*y. What are the prime factors of y?
7, 131
Let y(g) = -4*g**3 - 4*g**2 - 6*g - 18. Let s be (2/4)/((-40)/480). List the prime factors of y(s).
2, 3, 41
Let t = -6621 + 7209. What are the prime factors of t?
2, 3, 7
Let w(z) = 3*z + 67. Let k be w(-20). Suppose -527 = -k*v + 2903. List the prime factors of v.
2, 5, 7
Suppose -3*r = -12 + 9. Let l(s) = 2*s**2 + 3*s - 2. Let m be l(r). What are the prime factors of 0 + -7 + m + 90?
2, 43
Suppose 6 = 3*v + 3*x, v + 2*v - 22 = 5*x. Suppose v*r + 1347 = 7*r. List the prime factors of r.
449
Suppose 275*w = 272*w + 63870. List the prime factors of w.
2, 5, 2129
Suppose -4*r - n + 4211 + 1177 = 0, -2*n = -5*r + 6735. List the prime factors of r.
3, 449
Let a be 288 - (5 + -6 - 1). Let u = a + -128. Suppose -2*p + 232 + u = 0. List the prime factors of p.
197
Let s = 37471 - 23958. List the prime factors of s.
13513
Let c(q) = 31*q**2 + 3*q + 9. Let l(y) = -y**2 + 9*y - 15. Let s be l(6). Suppose 5 - 31 = 5*b + 4*f, 3*b - s*f - 6 = 0. What are the prime factors of c(b)?
127
Let u = 111507 - 61265. What are the prime factors of u?
2, 25121
Let o = -93 + 103. Suppose 2*m - a = 4 + 2, 5*m = 5*a + o. Let v(l) = 41*l + 5. List the prime factors of v(m).
13
Let k = -3 + 23. Let p be -2*(-25)/k*22. Let f = p + 17. What are the prime factors of f?
2, 3
Let k be 4 + (-478)/(-6) + 6/(-9). Let j = k + 970. Suppose 10*n = n + j. What are the prime factors of n?
3, 13
Let a(k) = k**2 - k. Let i be a(-7). Suppose -j = 5*l - 90, -90 = -4*j - l + 194. Suppose 7*g = j + i. What are the prime factors of g?
2, 3
List the prime factors of (-16877)/(-21) - -7 - (56/21)/(-8).
811
Suppose -5*x - 31 = -56. Suppose y + x*o - 1300 = -4*y, -4*y = 5*o - 1039. List the prime factors of y.
3, 29
Suppose 2*h + 2*a = 972, -554 + 66 = -h - 2*a. Let x = h + -312. Let u = -92 + x. List the prime factors of u.
2, 5
Let o(n) be the third derivative of -n**4/24 - n**3/3 + 7*n**2. Let x be o(4). Let v(g) = 5*g**2 + 13*g - 9. What are the prime factors of v(x)?
3, 31
Suppose -3*l - 3120 = -483. Let i = -532 - l. List the prime factors of i.
347
Suppose -5767626 = -123*z - 478995. List the prime factors of z.
19, 31, 73
List the prime factors of (-558)/108 + 5 - 158342/(-12).
5, 7, 13, 29
Let z be (-8 - 220) + (-10)/(-2). Let v = 539 + z. What are the prime factors of v?
2, 79
Let u = 55 - 51. Suppose 4*m + 9 = 3*g - 24, -22 = -u*g - 2*m. Let o(t) = 3*t - 11. What are the prime factors of o(g)?
2, 5
Suppose 12*b = -3*m + 7*b + 27457, 5*b - 18303 = -2*m. List the prime factors of m.
2, 23, 199
List the prime factors of 10452*(-11 + 12)*1.
2, 3, 13, 67
Let o(u) = 11*u**2 - 11 + 5*u**2 - u**3 + 11*u - 4*u**2. Let y be o(12). Suppose -5*p + p = v - y, -48 = -2*p + 2*v. What are the prime factors of p?
29
Suppose -4*z + 21 = -143. Let u = z + -36. Suppose -u*s + 2*m + 65 = 0, 4*s - 2*m - 29 = 25. What are the prime factors of s?
11
Let x be 0 + (-4 - 0) - (-19 + -1). Suppose x*d = -3385 - 55. List the prime factors of -4 - d*1/1.
211
Suppose 16*f - 10 = 15*f. Suppose 13*j = 8*j + f. List the prime factors of -2*(-155)/10*j.
2, 31
Let h be ((-51)/2 + 2)*-14. Suppose -g + 4*f + 235 = 0, -3*f + h = 2*g - 152. Let c = g - 106. What are the prime factors of c?
7, 19
Let x = 18735 + -7358. List the prime factors of x.
31, 367
Let z(y) = 149*y - 1. Suppose 3*h - t - 2 = 0, h - 24 = -h - 5*t. What are the prime factors of z(h)?
3, 11
Let v(f) = 2*f**2 + 43*f + 24. Let b be v(-21). Suppose -b*k - 4*m = -781, m = 3*m - 2. List the prime factors of k.
7, 37
Let t(h) = -h**3 + 23*h**2 - h + 46. Let s = 152 - 129. What are the prime factors of t(s)?
23
List the prime factors of 65469/27 - (-3 - (-100)/36).
5, 97
Let c(x) be the first derivative of 3*x**2/2 + 20*x + 14. Let h be c(-8). What are the prime factors of 285/(3 - -2) + h?
53
Let w(b) = 45*b**2 - 130*b + 65. What are the prime factors of w(10)?
5, 653
Let h(n) = n**2 - 10*n - 77. Let f be h(15). What are the prime factors of 205/2 + (-15)/20*f?
2, 13
Suppose 8 = 4*a + 4*t - 0, a - 2*t - 5 = 0. Suppose 5*u = -a + 8. What are the prime factors of (5838/(-21))/(0 - u)?
2, 139
Let s = -24 - -27. Suppose -4*u = -u - s. What are the prime factors of u/6 + 685/30?
23
Suppose 0 = 2*k + 5*f - 1354, 4*k = 3*k + f + 677. Let a = -2 - -7. Suppose -202 = a*r - k. What are the prime factors of r?
5, 19
Suppose -177587 = -37*s + 1643183. What are the prime factors of s?
2, 5, 7, 19, 37
Suppose 30*h + 4*m = 29*h + 8492, -33898 = -4*h - 2*m. List the prime factors of h.
2, 3, 353
Suppose 255 = 11*k - 17620. Let y = k + -1117. List the prime factors of y.
2, 127
Let z(w) = -8 - 30*w - 11 - 41. List the prime factors of z(-9).
2, 3, 5, 7
Let d(s) = 0 - 20 - 51*s - 25*s + 0. Let r be d(-3). Suppose -20*b - r = -22*b. What are the prime factors of b?
2, 13
Let d(v) = v**2 + 24*v - 5. Let c be d(-25). Let p be (85/c - 4) + (-438)/(-8). Suppose -z = -5*u + p, 0 = -2*u - 9*z + 4*z + 22. List the prime factors of u.
11
Suppose -18*z - 3247 = -25171. List the prime factors of z.
2, 3, 7, 29
Let t = 214 + -45. Let b = 12 + t. What are the prime factors of b?
181
Suppose 0 = -u + 174*u - 10353877. What are the prime factors of u?
97, 617
Let x(c) = -46*c**3 + 3*c**2 - 2*c - 15. Let n be x(-4). Suppose -10*r + 4125 + n = 0. What are the prime factors of r?
3, 79
Let w be (2/(-8) - -1)/(5/20). Suppose -w*d = -4*j + 1821, -j + 5*d = j - 907. What are the prime factors of j?
2, 3, 19
Suppose -20*n - 15*n = -1470. List the prime factors of 484 + (n/(-7) - -9).
487
Suppose 5*b = -10, -16 = -4*r + b + 2. Suppose r*h = 2*j + j - 81, 2*j - 54 = 4*h. Suppose -5*f + 313 + j = 0. What are the prime factors of f?
2, 17
Suppose 11 + 4 = 5*j. Suppose -8*q = -j*q - q. Suppose q = r + 9 - 27. List the prime factors of r.
2, 3
Suppose 380492 + 508880 = 164*u. What are the prime factors of u?
11, 17, 29
Let h be (-3)/(-18)*3459*6. Suppose 3*t + 5*p = h, 4*t - 3*p + 2*p = 4589. Suppose -10*g + 17*g = t. List the prime factors of g.
2, 41
Let d(b) = b**2 + 7. Let y(m) = -14*m**2 - 5*m - 4. Let k be y(-2). Let l = k + 41. List the prime factors of d(l).
2, 11
Let r = -154 + 246. List the prime factors of 1/((-12)/(-3))*r.
23
Let c(m) = 279*m + 873. What are the prime factors of c(22)?
3, 19, 41
Let z(r) = 9*r + 35. Let n(k) = 5*k + 18. Let o(w) = -5*n(w) + 3*z(w). Suppose -5*q + 39 = 3*g, -3*q - 2*g = -7*q + 40. What are the prime factors of o(q)?
3, 11
Let j be 154/((-9)/((-2646)/4)). Suppose j = 6*l + 1497. List the prime factors of l.
1637
Let k(q) = 36 - 4*q - 24*q + 38 - 77. What are the prime factors of k(-12)?
3, 37
Let w = -45405 + 76941. List the prime factors of w.
2, 3, 73
Let p = -34 - -30. Let l be ((-80)/(-50))/(p/(-10)). Suppose 59 = m - 5*x, -2*m - x = -59 - l. List the prime factors of m.
2, 17
Let o = 5731 + -2025. List the prime factors of o.
2, 17, 109
Suppose 3*i = -2*h + 14645 + 14014, -h + 28656 = 3*i. List the prime factors of i.
9551
Let x(y) be the second derivative of y**3 + 0 - 7*y - 7/12*y**4 + 1/20*y**5 - 11/2*y**2. What are the prime factors of x(9)?
5, 41
What are the prime factors of (11/((-88)/1416))/(27/(-9747))?
3, 19, 59
Let k(g) = -g**3 + 16*g**2 + 19*g - 17. Suppose 0 = 6*a - 145 + 49. List the prime factors of k(a).
7, 41
Suppose 0 = -68*d + 70*d - 5498. List the prime factors of d.
2749
Let f(r) = 124*r**2 - 1006*r + 19. What are the prime factors of f(20)?
3, 9833
Suppose -5*k - 3*p = -54, k + 4*p - 2 = -p. Suppose k*b - 17*b + 10 = 0. Suppose 4*w = -3*n + 318, -b*w - 18 = n - 124. What are the prime factors of n?
2, 53
Suppose 11 = -g - 4*k, k = 4*k + 6. Suppose 5*u = -25, -151 = 4*r + 2*u - 13. Let s = g - r. What are the prime factors of s?
29
Let u = -221 + 705. List the prime factors of u.
2, 11
Let x = -38 + 54. Let y(k) = -k + 20. Let h be y(x). Suppose l + 8*s - h*s - 97 = 0, -4*s - 16 = 0. List the prime factors of l.
113
Suppose 4*g = -2*l - 3638, -2*g + 13*l - 1799 = 10*l. Let q = 2469 + g. List the prime factors of q.
2, 11, 71
Let l be (64/12*-1)/((-4)/(-18)). Let h = l - -41. Suppose -13*s - 84 = -h*s. List the prime factors of s.
3, 7
Suppose 18 = -5*u + 38. Suppose u*d + 763 = 2931. List the prime factors of d.
2, 271
Let j(d) be the second derivative of -d**5/20 + d**2/2 